{"id":119,"date":"2017-02-09T16:51:51","date_gmt":"2017-02-09T15:51:51","guid":{"rendered":"http:\/\/canalissimo.com\/?page_id=119"},"modified":"2026-04-22T10:57:34","modified_gmt":"2026-04-22T09:57:34","slug":"contacts","status":"publish","type":"page","link":"https:\/\/canalissimo.fr\/index.php\/contacts\/","title":{"rendered":"Contacts"},"content":{"rendered":"\t\t<div data-elementor-type=\"wp-post\" data-elementor-id=\"119\" class=\"elementor elementor-119\">\n\t\t\t\t\t\t<section class=\"elementor-section elementor-top-section elementor-element elementor-element-5ce168c elementor-section-full_width elementor-section-height-default elementor-section-height-default\" data-id=\"5ce168c\" data-element_type=\"section\">\n\t\t\t\t\t\t<div class=\"elementor-container elementor-column-gap-default\">\n\t\t\t\t\t<div class=\"elementor-column elementor-col-100 elementor-top-column elementor-element elementor-element-a347299\" data-id=\"a347299\" data-element_type=\"column\">\n\t\t\t<div class=\"elementor-widget-wrap elementor-element-populated\">\n\t\t\t\t\t\t<div class=\"elementor-element elementor-element-b4fff0d elementor-widget elementor-widget-text-editor\" data-id=\"b4fff0d\" data-element_type=\"widget\" data-widget_type=\"text-editor.default\">\n\t\t\t\t<div class=\"elementor-widget-container\">\n\t\t\t\t\t\t\t\t\t<h3>Plan des lieux et heures des intervenants pour le Festival Canalissim\u00d4 2025.<\/h3><h4>Cliquer sur les vignettes <img decoding=\"async\" class=\"alignnone  wp-image-4310\" src=\"http:\/\/canalissimo.fr\/wp-content\/uploads\/2026\/04\/O-1.jpg\" alt=\"\" width=\"38\" height=\"43\" srcset=\"https:\/\/canalissimo.fr\/wp-content\/uploads\/2026\/04\/O-1.jpg 954w, https:\/\/canalissimo.fr\/wp-content\/uploads\/2026\/04\/O-1-268x300.jpg 268w, https:\/\/canalissimo.fr\/wp-content\/uploads\/2026\/04\/O-1-915x1024.jpg 915w, https:\/\/canalissimo.fr\/wp-content\/uploads\/2026\/04\/O-1-768x860.jpg 768w, https:\/\/canalissimo.fr\/wp-content\/uploads\/2026\/04\/O-1-230x257.jpg 230w, https:\/\/canalissimo.fr\/wp-content\/uploads\/2026\/04\/O-1-350x392.jpg 350w, https:\/\/canalissimo.fr\/wp-content\/uploads\/2026\/04\/O-1-480x537.jpg 480w\" sizes=\"(max-width: 38px) 100vw, 38px\" \/>\u00a0afin d&rsquo;avoir plus d&rsquo;information, h\u00e9siter pas \u00e0 zoomer.<\/h4>\t\t\t\t\t\t\t\t<\/div>\n\t\t\t\t<\/div>\n\t\t\t\t\t<\/div>\n\t\t<\/div>\n\t\t\t\t\t<\/div>\n\t\t<\/section>\n\t\t\t\t<section class=\"elementor-section elementor-top-section elementor-element elementor-element-69937f4 elementor-section-full_width elementor-section-height-default elementor-section-height-default\" data-id=\"69937f4\" data-element_type=\"section\">\n\t\t\t\t\t\t<div class=\"elementor-container elementor-column-gap-default\">\n\t\t\t\t\t<div class=\"elementor-column elementor-col-100 elementor-top-column elementor-element elementor-element-1c3a9d8\" data-id=\"1c3a9d8\" data-element_type=\"column\">\n\t\t\t<div class=\"elementor-widget-wrap elementor-element-populated\">\n\t\t\t\t\t\t<div class=\"elementor-element elementor-element-afa14ab elementor-widget elementor-widget-html\" data-id=\"afa14ab\" data-element_type=\"widget\" data-widget_type=\"html.default\">\n\t\t\t\t<div class=\"elementor-widget-container\">\n\t\t\t\t\t<iframe src=\"https:\/\/www.google.com\/maps\/d\/embed?mid=1c5MGRuh4_jPjHCp5mi1wl1U6Ahjn3Ps&hl=fr&ehbc=2E312F\" width=\"1200\" height=\"800\"><\/iframe>\t\t\t\t<\/div>\n\t\t\t\t<\/div>\n\t\t\t\t\t<\/div>\n\t\t<\/div>\n\t\t\t\t\t<\/div>\n\t\t<\/section>\n\t\t\t\t<section class=\"elementor-section elementor-top-section elementor-element elementor-element-01f5af8 elementor-section-boxed elementor-section-height-default elementor-section-height-default\" data-id=\"01f5af8\" data-element_type=\"section\">\n\t\t\t\t\t\t<div class=\"elementor-container elementor-column-gap-default\">\n\t\t\t\t\t<div class=\"elementor-column elementor-col-100 elementor-top-column elementor-element elementor-element-76ae303\" data-id=\"76ae303\" data-element_type=\"column\">\n\t\t\t<div class=\"elementor-widget-wrap elementor-element-populated\">\n\t\t\t\t\t\t<div class=\"elementor-element elementor-element-21383ca elementor-widget elementor-widget-text-editor\" data-id=\"21383ca\" data-element_type=\"widget\" data-widget_type=\"text-editor.default\">\n\t\t\t\t<div class=\"elementor-widget-container\">\n\t\t\t\t\t\t\t\t\t<h2><span style=\"color: #ffffff;\">Infos pratiques<\/span><\/h2><ul><li>\u00c9cluses, rue et place du village, plage (voir programme d\u00e9taill\u00e9).<\/li><li>Gratuit et ouvert \u00e0 tous.<\/li><li>Pour le stationnement : parking des \u00e9coles, parking Nouvel H\u00f4tel de ville et tout le long de l&rsquo;avenue de l&rsquo;Egalit\u00e9, parking Espace Azala\u00efs.<\/li><li>Site internet : <a href=\"http:\/\/www.canalissimo.fr\">www.canalissimo.fr<\/a> \/ <a href=\"https:\/\/www.facebook.com\/CanalissimoVilleDePortiragnes\" target=\"_blank\" rel=\"noopener\">Facebook Canalissim\u00d4 Portiragnes<\/a>.<\/li><li>Pour tous renseignements sur l&rsquo;\u00e9v\u00e8nement contacter le Bureau d&rsquo;Information Touristique de Portiragnes plage par t\u00e9l\u00e9phone au 04.67.90.92.51 ou par mail : <a href=\"mailto:portiragnesplage@capdagde.com\">portiragnesplage@capdagde.com<\/a><\/li><\/ul>\t\t\t\t\t\t\t\t<\/div>\n\t\t\t\t<\/div>\n\t\t\t\t\t<\/div>\n\t\t<\/div>\n\t\t\t\t\t<\/div>\n\t\t<\/section>\n\t\t\t\t<section class=\"elementor-section elementor-top-section elementor-element elementor-element-0d676e5 elementor-section-boxed elementor-section-height-default elementor-section-height-default\" data-id=\"0d676e5\" data-element_type=\"section\">\n\t\t\t\t\t\t<div class=\"elementor-container elementor-column-gap-default\">\n\t\t\t\t\t<div class=\"elementor-column elementor-col-100 elementor-top-column elementor-element elementor-element-1c376a6\" data-id=\"1c376a6\" data-element_type=\"column\">\n\t\t\t<div class=\"elementor-widget-wrap elementor-element-populated\">\n\t\t\t\t\t\t<div class=\"elementor-element elementor-element-36baa04 elementor-widget elementor-widget-text-editor\" data-id=\"36baa04\" data-element_type=\"widget\" data-widget_type=\"text-editor.default\">\n\t\t\t\t<div class=\"elementor-widget-container\">\n\t\t\t\t\t\t\t\t\t<p style=\"text-align: left;\" align=\"LEFT\"><span style=\"color: #333333; font-family: Raleway, sans-serif; font-size: 42px; font-weight: 600;\">Information et r\u00e9servation<\/span><\/p><p style=\"text-align: left;\"><span style=\"color: #333333;\">Tel : 06 70 80 71 52\u00a0<span style=\"background-color: #ffffff; font-weight: bold;\">Philippe Calas<\/span><\/span><\/p><p><span style=\"color: #333333;\">Site internet :\u00a0 <a style=\"color: #333333;\" href=\"http:\/\/canalissimo.fr\">www. canalissimo.fr<\/a><\/span><\/p><p><span style=\"color: #333333;\">mail : <a style=\"color: #333333;\" href=\"mailto:canalissimo@gmail.com\">canalissimo@gmail.com<\/a><\/span><\/p><p><span style=\"color: #333333;\"><a style=\"color: #333333;\" title=\"https:\/\/www.facebook.com\/people\/Portiragnes-Canalissimo\/100009490341058\" href=\"https:\/\/www.facebook.com\/VilleDePortiragnesCanalissimo\/\" target=\"_blank\" rel=\"noopener noreferrer\"><img decoding=\"async\" class=\"alignnone\" src=\"data:image\/png;base64,iVBORw0KGgoAAAANSUhEUgAAAKAAAACgCAIAAAAErfB6AAAHYUlEQVR4nO3d+09TZxzHcf+RLXE\/qL3QgkUsLROYMnpKW0rpBW1jdMZE3Uycu7j5g3NbtmVXp\/Sc09Oew0WRgCJeNrbo5i7emAqioEY00+lU0Jk5GAIyR\/eDRqM\/zBSetocvn2\/ef8ADr1B6yvM8TLEGFES4KWlfAUpqACYegIkHYOIBmHgAJh6AiQdg4gGYeAAmHoCJB2DiAZh4ACYegIkHYOIBmHgAJh6AiQdg4gGYeABmmcWv5Ppks082e2OzH8\/sjZm9stkn597PL1v8ssWvWPzJXRKAx5XFr5i9MZNbMjoFHcdrbGGtnc+w80anmOmMZJVGspyRTFck0xUxOkWjQ8goEfScoOMErY3X2ngNF9ZyvJbjdXbB4BCNDjGrNJJdJln8MqsVAnhsrvIsT1RvFzXFYYNTmruwdtGa3esqf4w2tu\/6vvvAsUvtXT2d3b2d3Tc7u2+eOtfbcbanvev6Lx1XDx6\/\/P2RX1t+Ot+872zdns5oQ\/uGmtb3wj+\/+fG+ZetaFqze4VpaPydYbQ1UWwCclnJ9ssEhzuAEi696+bqvand2nL5wc3D4nzi7uTN8z79yW6ZLBHCqafUlgpYLB19t2v7N6Vt9gwxRn5jQ683GEgCnMKMrMqO4cvHbe9q6riXP9eEsWL3D6ABwCqpQcsqj0+Ztci2rP3jsSgpoAZy68iqUmS5J+yL\/WdXhlNECOFVVVGXYxFy\/crA9dT+4AE5ZVTpbuGhJXU9vf+p1AZx0XQ3Hlyyt\/3twOC26AE5ieRWKwSEUhKpv96VNF8BJ1DWVRU0u6cLl22nUBXCyMvti04vCO747k15dACcpebpNWPXht+nGjccBnIyyPZLZG+sfSOev3ocDYMZZ\/Mq0okple3u6ZR8MgBlncovzFm4eHR1Nt+yDATDLLAF5xovh6Pa2dLM+GgCzbFaZZPUpf\/YPpZv10QCYWXkBRcPxb3y8N92mjw2AmWX2y3qO3996Kd2mjw2AmWVyS4XBquEhlntuxj8AZpbeLq5Y35Ju0Ccn9HqzAVt2xp\/FL+u4sLytI6lag8P\/XL52u7P75rGT1492\/N76vx0\/fbX9TI\/nlcaZbgnA483sjWU4xdaTV5Ph2nPrjrztxEtv7Zq3aLPZG8t0SplOMcMhPKUSwVAi5voUa6AKwONtlidqCSg3\/hhgrvu5fCS7LDZ93qaMkojJLeV4oo8ONzy9GMOvcVIDZ5VGnEsb2H5+NRofDb7WNPWFjSa3xGrzOoDHmNEpLF6zmyVvPL7q\/W+fK9zE8OzJOJvUwFq7sOaT\/Qx1D7RdmV5UOZvpa+w4m7zAloCi44SPxIMMgVe826Kxh\/Mq0v\/VPWwSA\/sVrY0P1x1npTtwZyR\/vmJi9HjDqkkNrLGFlSZmD8EdZ3uNDmm2T0Wvz9ZJDqy1hWubmQF\/\/UO3juNzfWp5e2Wd9MCyppiv3XmKFfDm3ae0Nl4975+tAGYLLDW2aWzhZF\/JkGgAZgbMbz2uBbB6Yg4s1ANYTQGYeAAmHoCJB2DiAZh4ACYegIkHYOIBmHgAJh6AiQfgCVBehZJTHjU6xfuXbieU0Sk88\/wGefsJVsAba395ds4XRmfCK3ksZ8TsjTHc1TWxgc1+pXhxXfnLDWUrGhPNvbyxMFTTtPccK+CanV0vhKrdia\/kYZ7lDZ6VDUWLtpjZ7fuZwMAWv6Kz8Xz9g11zo2OK7YxtDU8sZvk73xicAoAf7JqTGlR09QKT8b28zcjouvcJD6y1hYV6Zvte1TD9g8MFoRqGe28BrK65dOV2jieWUx4FME3gox1XjS6R4QFDAKtrdu47p2e6uRrA6hq+7piG4xl+WgJgdc3az\/br7TzD7xKA1TVL1u4xOJg9BANYdVO6tD7LFQEwTeA\/+4bzgzXZZSwPoAJYRXPh4i2TW8opxyUsRIEPtf2WYRfNTA+gAlhF09DSpeMqc5keQAWwiuZT5TDbh2AAq2te+2Cv3s7yGQnA6prg6mYDo0tmAay6GRn517Zk68xSlg\/BAFbR3Pjjb0tAmeVh9odCAKtrOs\/3mlxR5rfkAVgt892hi\/oS9rcwAVgtU93coUvCLUwTG1hTXBltVMu\/KxvnfCQe0toF5vvmJzawjhM3bG6Nx+MDd+72DyRcX9\/Q8F1m\/47j7si9v\/qGxrCMoaGR+Gh8xfoWg4PxW+iJDWwNKNaKWP78qrmh2oJQTaLlB6uyHNLWPSwvQssqjeQHE15JQbC6MFST51esSTj2MsGBA8psb8zklrLLEs7kjkwt2Kg0nWQFvGnL0ecKvxzrYiS2H0HTAR5zOHxGPAATD8DEAzDxAEw8ABMPwMQDMPEATDwAEw\/AxAMw8QBMPAATD8DEAzDxAEw8ABMPwMQDMPEATDwAEw\/AxAMw8QBMPAATD8DEAzDxAEw8ABMPwMQDMPEATDwAEw\/AxAMw8QBMPAATD8DEAzDxAEw8ABMPwMQDMPEATDwAEw\/AxAMw8QBMPAATD8DEAzDxAEw8ABMPwMQDMPEATDwAEw\/AxJskwP8BiEUpU6\/B86QAAAAASUVORK5CYIIA\" width=\"93\" height=\"93\" \/><\/a><\/span><\/p><p><span style=\"color: #333333;\">Portiragnes Canalissim\u00d4<\/span><\/p>\t\t\t\t\t\t\t\t<\/div>\n\t\t\t\t<\/div>\n\t\t\t\t\t<\/div>\n\t\t<\/div>\n\t\t\t\t\t<\/div>\n\t\t<\/section>\n\t\t\t\t<\/div>\n\t\t","protected":false},"excerpt":{"rendered":"<p>Plan des lieux et heures des intervenants pour le Festival Canalissim\u00d4 2025. Cliquer sur les vignettes \u00a0afin d&rsquo;avoir plus d&rsquo;information, h\u00e9siter pas \u00e0 zoomer. Infos pratiques \u00c9cluses, rue et place du village, plage (voir programme d\u00e9taill\u00e9). Gratuit et ouvert \u00e0 [&hellip;]<\/p>\n","protected":false},"author":1,"featured_media":0,"parent":0,"menu_order":0,"comment_status":"closed","ping_status":"closed","template":"elementor_header_footer","meta":{"footnotes":""},"class_list":["post-119","page","type-page","status-publish","hentry"],"_links":{"self":[{"href":"https:\/\/canalissimo.fr\/index.php\/wp-json\/wp\/v2\/pages\/119","targetHints":{"allow":["GET"]}}],"collection":[{"href":"https:\/\/canalissimo.fr\/index.php\/wp-json\/wp\/v2\/pages"}],"about":[{"href":"https:\/\/canalissimo.fr\/index.php\/wp-json\/wp\/v2\/types\/page"}],"author":[{"embeddable":true,"href":"https:\/\/canalissimo.fr\/index.php\/wp-json\/wp\/v2\/users\/1"}],"replies":[{"embeddable":true,"href":"https:\/\/canalissimo.fr\/index.php\/wp-json\/wp\/v2\/comments?post=119"}],"version-history":[{"count":86,"href":"https:\/\/canalissimo.fr\/index.php\/wp-json\/wp\/v2\/pages\/119\/revisions"}],"predecessor-version":[{"id":4317,"href":"https:\/\/canalissimo.fr\/index.php\/wp-json\/wp\/v2\/pages\/119\/revisions\/4317"}],"wp:attachment":[{"href":"https:\/\/canalissimo.fr\/index.php\/wp-json\/wp\/v2\/media?parent=119"}],"curies":[{"name":"wp","href":"https:\/\/api.w.org\/{rel}","templated":true}]}}